late the remainder when 5626 is divided by 5600.
26
What is the remainder when 6027 is divided by 1506?
3
Calculate the remainder when 6250699 is divided by 20.
19
Calculate the remainder when 2871 is divided by 744.
639
What is the remainder when 94380 is divided by 35?
20
Calculate the remainder when 225541 is divided by 1319.
1311
Calculate the remainder when 3604 is divided by 1685.
234
What is the remainder when 2355 is divided by 149?
120
Calculate the remainder when 8394 is divided by 1547.
659
What is the remainder when 61883 is divided by 1127?
1025
What is the remainder when 65520 is divided by 21836?
12
What is the remainder when 37971 is divided by 4710?
291
Calculate the remainder when 1112 is divided by 1004.
108
Calculate the remainder when 1911 is divided by 156.
39
What is the remainder when 1184 is divided by 296?
0
What is the remainder when 410799 is divided by 79?
78
What is the remainder when 1448 is divided by 121?
117
Calculate the remainder when 49006 is divided by 51.
46
What is the remainder when 43151 is divided by 21495?
161
Calculate the remainder when 1206 is divided by 473.
260
Calculate the remainder when 1366 is divided by 699.
667
Calculate the remainder when 906 is divided by 26.
22
Calculate the remainder when 130705 is divided by 32.
17
Calculate the remainder when 12603 is divided by 13.
6
What is the remainder when 43985 is divided by 37?
29
What is the remainder when 145486 is divided by 8082?
10
Calculate the remainder when 119143 is divided by 19.
13
Calculate the remainder when 10167 is divided by 212.
203
What is the remainder when 694 is divided by 192?
118
Calculate the remainder when 80523 is divided by 186.
171
Calculate the remainder when 52828 is divided by 26414.
0
Calculate the remainder when 153897 is divided by 187.
183
What is the remainder when 617207 is divided by 2?
1
Calculate the remainder when 8960 is divided by 147.
140
Calculate the remainder when 597513 is divided by 159.
150
What is the remainder when 56796 is divided by 106?
86
What is the remainder when 240314 is divided by 79?
75
What is the remainder when 943 is divided by 737?
206
What is the remainder when 263 is divided by 6?
5
Calculate the remainder when 2170 is divided by 324.
226
What is the remainder when 10644 is divided by 71?
65
What is the remainder when 412 is divided by 100?
12
What is the remainder when 16707 is divided by 20?
7
What is the remainder when 27398 is divided by 193?
185
Calculate the remainder when 5093 is divided by 196.
193
What is the remainder when 29604 is divided by 47?
41
Calculate the remainder when 3188706 is divided by 17.
16
What is the remainder when 8519 is divided by 15?
14
Calculate the remainder when 4893872 is divided by 197.
195
Calculate the remainder when 17191 is divided by 563.
301
Calculate the remainder when 891 is divided by 442.
7
Calculate the remainder when 14215 is divided by 17.
3
Calculate the remainder when 4662 is divided by 425.
412
What is the remainder when 3975 is divided by 1225?
300
What is the remainder when 69674 is divided by 3?
2
Calculate the remainder when 594800 is divided by 6261.
5
Calculate the remainder when 5514542 is divided by 1858.
1856
Calculate the remainder when 3157 is divided by 62.
57
What is the remainder when 3487 is divided by 998?
493
Calculate the remainder when 25050 is divided by 12522.
6
Calculate the remainder when 1724 is divided by 175.
149
Calculate the remainder when 2745 is divided by 2742.
3
What is the remainder when 9009 is divided by 500?
9
Calculate the remainder when 774 is divided by 23.
15
What is the remainder when 10768 is divided by 259?
149
What is the remainder when 45015 is divided by 58?
7
What is the remainder when 960062 is divided by 309?
308
Calculate the remainder when 66672 is divided by 13334.
2
What is the remainder when 20545 is divided by 239?
230
Calculate the remainder when 483895 is divided by 28.
27
Calculate the remainder when 266472 is divided by 55.
52
Calculate the remainder when 3602 is divided by 304.
258
What is the remainder when 1458 is divided by 357?
30
What is the remainder when 6802 is divided by 200?
2
What is the remainder when 87465 is divided by 101?
100
Calculate the remainder when 1020 is divided by 292.
144
What is the remainder when 46041 is divided by 15313?
102
What is the remainder when 74876 is divided by 103?
98
What is the remainder when 1397 is divided by 54?
47
What is the remainder when 611 is divided by 376?
235
Calculate the remainder when 6220 is divided by 4.
0
What is the remainder when 473173 is divided by 8?
5
What is the remainder when 818913 is divided by 1192?
9
What is the remainder when 86092 is divided by 251?
250
Calculate the remainder when 1902 is divided by 165.
87
Calculate the remainder when 42231 is divided by 19.
13
What is the remainder when 350177 is divided by 339?
329
Calculate the remainder when 28344 is divided by 1233.
1218
Calculate the remainder when 82967 is divided by 3070.
77
What is the remainder when 1900 is divided by 865?
170
What is the remainder when 52985 is divided by 92?
85
Calculate the remainder when 12281 is divided by 73.
17
Calculate the remainder when 11816 is divided by 540.
476
What is the remainder when 15740 is divided by 873?
26
What is the remainder when 11317 is divided by 222?
217
What is the remainder when 123549 is divided by 259?
6
Calculate the remainder when 257 is divided by 159.
98
Calculate the remainder when 297633 is divided by 83.
78
Calculate the remainder when 37910 is divided by 213.
209
What is the remainder when 22644 is divided by 26?
24
What is the remainder when 23714 is divided by 4732?
54
What is the remainder when 27672 is divided by 34?
30
What is the remainder when 19628 is divided by 21?
14
Calculate the remainder when 1333421 is divided by 1276.
1
Calculate the remainder when 45299 is divided by 2058.
23
Calculate the remainder when 28498 is divided by 3161.
49
What is the remainder when 4779191 is divided by 12?
11
Calculate the remainder when 2210 is divided by 126.
68
What is the remainder when 1696 is divided by 44?
24
Calculate the remainder when 342 is divided by 38.
0
Calculate the remainder when 81177 is divided by 90.
87
What is the remainder when 231136 is divided by 309?
4
What is the remainder when 3670554 is divided by 4?
2
What is the remainder when 147058 is divided by 49018?
4
What is the remainder when 518533 is divided by 129632?
5
Calculate the remainder when 4222 is divided by 183.
13
Calculate the remainder when 22941 is divided by 488.
5
What is the remainder when 43620 is divided by 287?
283
What is the remainder when 17329 is divided by 4?
1
Calculate the remainder when 204522 is divided by 909.
906
Calculate the remainder when 1189 is divided by 1169.
20
What is the remainder when 1469 is divided by 795?
674
What is the remainder when 16333 is divided by 45?
43
What is the remainder when 17415 is divided by 4350?
15
What is the remainder when 12782 is divided by 1258?
202
What is the remainder when 95507 is divided by 59?
45
What is the remainder when 578937 is divided by 445?
437
What is the remainder when 90935 is divided by 41?
38
Calculate the remainder when 46581 is divided by 83.
18
Calculate the remainder when 16094 is divided by 327.
71
What is the remainder when 87816 is divided by 123?
117
What is the remainder when 1886954 is divided by 15?
14
What is the remainder when 130584 is divided by 1484?
1476
Calculate the remainder when 25064 is divided by 30.
14
What is the remainder when 84904 is divided by 25?
4
What is the remainder when 8060 is divided by 103?
26
Calculate the remainder when 11319 is divided by 15.
9
Calculate the remainder when 6863 is divided by 1712.
15
What is the remainder when 14814 is divided by 465?
399
Calculate the remainder when 75283 is divided by 29.
28
Calculate the remainder when 7553522 is divided by 85.
82
Calculate the remainder when 8676 is divided by 40.
36
Calculate the remainder when 16258 is divided by 20.
18
Calculate the remainder when 6585 is divided by 7.
5
Calculate the remainder when 31540 is divided by 50.
40
What is the remainder when 6303 is divided by 1572?
15
What is the remainder when 729124 is d